y + 1689, -230 = -s + 4*y + 619. List the prime factors of s.
3, 31
Let s(i) = 2*i + 2. Let r(h) = -h**3 + 10*h**2 - 8*h - 7. Let n be r(9). Let p be s(n). Suppose p = -5*d + 186. List the prime factors of d.
2, 3
Suppose m = -3*m + 5*c + 1555, -m + 5*c = -370. List the prime factors of m.
5, 79
List the prime factors of (-2 - -1) + (0 - -85).
2, 3, 7
Let i = -92 - -52. Let n = i - -70. Suppose -a = 3*p - 34 - n, -5*p + 118 = -4*a. What are the prime factors of p?
2, 11
Let t(l) = 3*l - 17. Let v be t(7). Suppose -u = 4*g - 26, -v*g = 4*u - 33 - 59. List the prime factors of u.
2, 11
Let h = -5 + 14. Suppose 2*s - h = 61. List the prime factors of s.
5, 7
Let r(u) = -892*u + 58. What are the prime factors of r(-4)?
2, 7, 37
Let v be 4 + -3 + 2 - 0. What are the prime factors of (-18)/3*(-5 + v)?
2, 3
Let u(k) = k**3 + 9*k**2 - 21*k - 3. What are the prime factors of u(-10)?
107
Let b(k) = 141*k - 1. Let n(q) = -q + 1. Let p(m) = -b(m) + 2*n(m). What are the prime factors of p(-1)?
2, 73
Suppose -2718 = -6*o + 1458. What are the prime factors of o?
2, 3, 29
Suppose 6*y + 1267 = 6547. List the prime factors of y.
2, 5, 11
Let w(n) = -94*n + 283. List the prime factors of w(-13).
5, 7, 43
Suppose 27*q + 2270 = 37*q. List the prime factors of q.
227
Let v = -49 + 244. Suppose 0 = -3*p + 23*p - 1940. Suppose -t + 5*t = l + v, 2*t - l = p. List the prime factors of t.
7
Let o = -2 + 2. Let i(l) be the first derivative of -l**4/4 + l**3/3 + 26*l - 7. List the prime factors of i(o).
2, 13
Let j be (3/9)/(4/60). Suppose j*t = 30 + 20. List the prime factors of (-2)/t + (-204)/(-20).
2, 5
Suppose -b + 34 = -0*p - 5*p, -2*b + 2*p + 28 = 0. What are the prime factors of (-1)/(3/b) + 189?
2, 3, 31
Let j be (12 + 1)/(-1)*15. What are the prime factors of ((-52)/j - (-1)/3)*15?
3
Let l(m) = 3*m - 15. Suppose 2*i = -3*s + 3, 2*i + 0 - 13 = -s. List the prime factors of l(i).
2, 3
Let z = -25 - -35. List the prime factors of 75/30*(0 + z).
5
Suppose -x = -97 + 83. Suppose i + 19 = 3*s, x + 19 = 5*s - 2*i. List the prime factors of s.
5
List the prime factors of (1*-559)/(6/3 - 3).
13, 43
List the prime factors of (-1 - -5)/((14/180)/7).
2, 3, 5
Suppose 2*y = 5*g - 0*y - 4841, -2*g + 2*y + 1940 = 0. What are the prime factors of g?
967
Suppose 5*t + 25 = -35. What are the prime factors of 2*t/8 - -214?
211
Suppose -2*k = -68 - 108. Let p = k - 150. Let r = -26 - p. List the prime factors of r.
2, 3
Suppose 0 = 6*t - 147 + 9. Suppose -18 = t*m - 25*m. Let w = m + 10. List the prime factors of w.
19
Let u = 1 - -27. Let q = 41 - u. List the prime factors of q.
13
Let t(r) = 10*r**2 + 2*r - 3. Let u be t(2). Suppose u - 281 = -8*d. List the prime factors of d.
2, 3, 5
Let c be 5/(-15) + (-622)/(-3). Suppose -17*b + c = -14*b. List the prime factors of b/161 + 652/14.
47
Suppose -188 - 112 = -4*r. Suppose c - 5*u = 37, -3*c + 219 = -4*u + r. List the prime factors of c.
2, 13
Let s(d) = 70*d**2 - 2*d - 1. Let w be (-28)/7*1/4. List the prime factors of s(w).
71
Suppose 0 = 4*h - 4*q - 28, -h - 2*q + 42 = 4*h. Suppose -m + 3*m = h, -2*b + 3*m + 12 = 0. List the prime factors of (-8)/b*-3 + 6.
2
Let q = 3099 + -1450. List the prime factors of q.
17, 97
Suppose -34*j + 74256 = 18*j. List the prime factors of j.
2, 3, 7, 17
Suppose 3*n - 3*o - 3996 = 0, -1317 = -n - 3*o - o. What are the prime factors of n?
3, 443
Let v(j) = -j**3 - 7*j**2 - 7*j - 4. Let n be v(-6). Suppose -d + p = 50, -n*p + 84 + 116 = -4*d. What are the prime factors of (d + 3)/(3 - 4)?
47
Let s = 21 + -8. Suppose 0 = 2*n - s - 13. What are the prime factors of n?
13
Let r = -60 + 30. Let u = -30 - r. Suppose -3*p = -u*p + g - 59, g - 19 = -p. What are the prime factors of p?
2, 5
Let b(k) = k - 1. Let z be b(4). Let w = -97 - -99. Suppose -w*v - z*v = 5*n - 40, -25 = -3*n - 2*v. List the prime factors of n.
3
Let s be 1476/15 + 2/(-5). Let h = 123 + -58. Let z = s - h. List the prime factors of z.
3, 11
Let o be (-6)/(-4)*(-8)/(-6). What are the prime factors of (88/16)/(o/28)?
7, 11
Let z be 12 + (-1 - -2)*1. Suppose 2*s + 3*l = 7, -l = -0 - 3. Let i = z + s. List the prime factors of i.
2, 3
Let m(z) = 9*z**2 - 16*z + 13. What are the prime factors of m(-7)?
2, 283
Let n be 21/(-6) + 12/8. Let h = n - -23. Suppose -5*g = -h + 1. What are the prime factors of g?
2
Let g be (1 - -114 - -1)/1. List the prime factors of g + -3 - (2 + (2 - 6)).
5, 23
Suppose 4*w = 2*r - 1366, 19*r - 14*r - 3443 = -4*w. What are the prime factors of r?
3, 229
Let c be (-4 - -5) + -1 - 0. Suppose 104 = -c*f + 2*f. What are the prime factors of f?
2, 13
Let p(o) be the second derivative of o**3/2 - o**2/2 - 5*o. Let q be p(1). Suppose 0 = -q*j - 3*j + 60. List the prime factors of j.
2, 3
List the prime factors of 6/(-2) + 1501 + 15 + -6.
11, 137
Let u be 2 - 291/(-3) - -2. Suppose 4*v = u + 95. List the prime factors of v.
7
Suppose -3*k - 5 = u, 0*u - u - k - 1 = 0. List the prime factors of (3/u)/(((-45)/48)/(-5)).
2
Let a = -451 + 758. List the prime factors of a.
307
Suppose -5*o + 18 = -2. Let x = 4 - o. Suppose 21*r - 23*r + 32 = x. List the prime factors of r.
2
Let x = -18 + 19. Let c be x/(-1 + 9/6). Suppose c*l = l + 4. List the prime factors of l.
2
Let j(f) = f**3 - f**2 - 11*f + 8. Let k be j(7). Suppose 0 = -4*l + l + k. What are the prime factors of l?
3, 5
Suppose -20105 + 56385 = 8*b. List the prime factors of b.
5, 907
Let h be (-1494)/45 - 1/(-5). Let y = -30 - h. Suppose 34 = 4*u - g + y*g, -g = -5. What are the prime factors of u?
2, 3
Let x = -178 + 351. What are the prime factors of x?
173
Let y be (-1)/5 + (-505)/(-25). What are the prime factors of y/(-25) - 708/(-10)?
2, 5, 7
Suppose -20567 = 69*g - 237089. List the prime factors of g.
2, 3, 523
Suppose -11*c = 299 - 6217. List the prime factors of c.
2, 269
Suppose -2*c + 2*v + 1350 = 0, -1387 + 16 = -2*c - 5*v. What are the prime factors of c?
2, 3, 113
Let b(a) = 78*a**2 + 3*a + 1. List the prime factors of b(3).
2, 89
Suppose 66*j - 61*j - 2820 = 0. What are the prime factors of j?
2, 3, 47
Let r(p) = -27*p**3 + 9*p**2 + 27*p + 52. List the prime factors of r(-4).
2, 227
Suppose 3*x = 28*x - 61400. What are the prime factors of x?
2, 307
Suppose -4*l - 12 = z, l = 2*z - 4 - 8. What are the prime factors of 3*71 + (-2)/(l + 5)?
211
Suppose -973 = -k - 593. What are the prime factors of k?
2, 5, 19
Suppose -3*u + 3409 = 469. Let i be (-2)/10 - u/(-25). Let o = i + -25. What are the prime factors of o?
2, 7
Suppose -5*t + 2*p = -4642 + 18, 0 = t + 3*p - 918. List the prime factors of t.
2, 3, 7, 11
Let j(c) = -9*c**3 + c**2 - c + 1. Let r be j(1). Let k = 18 - r. List the prime factors of k.
2, 13
Let x = 748 - -1512. What are the prime factors of x?
2, 5, 113
Let t be -37 + 1 + (4 - 7). Let n be -3*(3/6 - 501/18). Let h = t + n. List the prime factors of h.
43
Let o(s) = -s**3 - 5*s**2 - 8*s + 8. Let i be o(-7). Suppose 0 = -2*w + 5*z + 80, 3*w + z = -2*z + i. What are the prime factors of w?
2, 5
Let p = -9 - 0. Let u = -4 - p. List the prime factors of (2*-1)/(u/(-20)).
2
Suppose 2*a = 4*v - 14084, 4*v - 29*a = -26*a + 14080. List the prime factors of v.
13, 271
Suppose -4*i + 11 + 1 = 0. Suppose i*f + 6 = 0, -z + 2*f - 7 = 9. Let w = z - -48. List the prime factors of w.
2, 7
Let w(z) = -4*z - 10. Let j be w(-4). Let a be (0 - 3/(-18))*j. Suppose -2*f - a + 69 = 0. What are the prime factors of f?
2, 17
Let u = 5391 + -789. What are the prime factors of u?
2, 3, 13, 59
Let q(m) be the first derivative of -m**2 + m + 4 + 28/3*m**3. What are the prime factors of q(1)?
3
Let q be 11 + 0 + 0 + -2. Let l(d) = d**2 - 7*d + 4. Let y be l(8). Suppose -i + y + q = 0. List the prime factors of i.
3, 7
Let u = 231 - 201. List the prime factors of u.
2, 3, 5
Let q(k) = k**2 + k - 5. Let j be q(7). Suppose -2*b + 1 = 5*o - j, 3*b + 17 = 2*o. Suppose o*l = 12*l - 36. List the prime factors of l.
2, 3
List the prime factors of 1 + -1 + 633 + (-7)/7.
2, 79
Let g(n) = -2*n + 10. Let z be g(4). Let y = -1 + -1. List the prime factors of 0 + z*(y + 3).
2
Let y be (-27 + -2 + 4)*-2. Suppose -k - 13 = -y. What are the prime factors of k?
37
Let n(z) = z**2 - 8*z + 9. Let r be n(4). What are the prime factors of (-21)/(-49) - 914/r?
131
Suppose -9999 = -15